7. Give t(p).
-12
Let k(r) = r**2 - 3*r - 8. Suppose q = 1, -10*y - 2*q + 22 = -6*y. Determine k(y).
2
Suppose 4 = i + 1. Let o be (4/(-6))/(1/i). Let m(c) = -1118 - 353*c**3 + 4*c**2 + 1119 - 346*c**3 + 701*c**3 + 3*c. Determine m(o).
-5
Suppose -105 = 132*m - 139*m. Let x(n) = -n + m + 13 - 29. Determine x(5).
-6
Suppose d - 4*d = -36. Suppose 3*k = 3*n + 3, -d - 11 = -4*n - 5*k. Suppose 17 = 3*y + w, -5*y + n*w + 35 = 5*w. Let f(z) = z - 4. Calculate f(y).
0
Let w(l) = -17*l**2 + 85*l - 16. Let x(v) = -57*v - 736. Let n be x(-13). Calculate w(n).
-16
Let t = 75 - 74. Suppose 0 = 2*s - 3*s. Let h = t + s. Let u(a) = 15*a + 1. Calculate u(h).
16
Let u(b) = -3*b**2 + 5. Suppose -43 + 7 = 6*o. Let a be ((-2)/o)/(1*(-3)/18). Calculate u(a).
-7
Let v(x) = -13*x**2 - 17*x - 55. Let r(w) = -3*w**2 - 5*w - 14. Let q(h) = -11*h + 35. Let c be q(4). Let l(u) = c*r(u) + 2*v(u). Determine l(-9).
-2
Suppose -3*k - 25*i = -24*i - 32, i - 21 = -2*k. Let u(n) = -n**3 + 17*n**2 - 65*n - 5. Determine u(k).
6
Let t(u) = 42*u**2 - 3*u**3 + 2*u**3 + 134509*u - 134551*u + 39. Give t(41).
-2
Let h be 0 - 5/(-2) - (-115)/(-69). Let p(l) be the third derivative of -h*l**3 - 11*l**2 + 7/24*l**4 + 0*l + 0 - 1/60*l**5. What is p(5)?
5
Let y(f) = 234 - 4*f - 18*f**2 - 126 + 16*f**2 - 123. Determine y(5).
-85
Let u be (-4)/10 - (-22)/5. Suppose -1 = -r - 2*r + 2*x, -u*x - 35 = 5*r. Let h(k) = 6*k**2 - 2 + 3*k - 26*k**2 + 5*k**2 + 16*k**2. Give h(r).
-2
Let v(o) = -26*o - o**3 - 15 + 8*o + 13*o - 22*o - 10*o**2. What is v(-6)?
3
Let c(j) = -11 - 2*j**3 + 0*j**3 + 6*j**3 - 5*j**3. Let t be (4/3)/(26/156). Suppose 5*x = -f - 25, -5*f - 15 = -t*f + 3*x. What is c(f)?
-11
Let j(a) = a**3 + 9*a**2 + 18*a + 10. Suppose g = -3*x, 2*x - 20 = -4*g - 40. Calculate j(g).
10
Let o(p) = -6*p**2 - 4*p - 2. Suppose 3*y = -4*y + 770. Suppose -10*u = -0*u - y. Let q = u - 13. What is o(q)?
-18
Let a(j) = j - 5. Let t be a(-6). Let i(c) = -c**2 - 19 - 9*c - 81 + 85 - 4*c. Determine i(t).
7
Let u(h) = 13*h**3 - 12*h**2 + 11*h - 45. Let q(x) = -6*x**3 + 5*x**2 - 5*x + 16. Let m(k) = -5*q(k) - 2*u(k). Give m(3).
118
Let g be (-24)/(-22)*(38 + 2210/(-68)). Let c(q) = 2*q**2 - 4*q - 42. Calculate c(g).
6
Let v(d) = -d**2 + 4512*d - 96 + 11 - 4536*d. Determine v(-20).
-5
Let d(l) = l**2 + l + 1. Suppose 5*p - 4*f - 21 = 0, 2*f + 5 = 4*p - 7. Let u(a) = a**3 + 8*a**2 - 5*a + 8. Let x(y) = p*d(y) - u(y). Determine x(-8).
9
Let d(m) = -m**3 + 7*m**2 + 10*m - 4. Let i be ((-2)/(-4))/(1/2). Let c(v) = 286 - 869 + 294 + 288. Let x(q) = i*d(q) + 4*c(q). Calculate x(8).
8
Suppose 0 = -9*f + 31*f - f. Let q(r) be the third derivative of r**6/120 + r**5/60 - r**4/24 + 7*r**3/6 + 30*r**2. Give q(f).
7
Let n(d) = 5*d**3 + 13*d**2 - 6*d**3 - 86 + 94 - 3*d - 6*d**2. Determine n(7).
-13
Let m(b) = 2*b**2 + 7. Let y(p) = p**2 - p + 6. Let c(o) = 2*m(o) - 3*y(o). Suppose 0 = 7*q - 11*q + 256. Let v be q/(-20) - 4/(-20). What is c(v)?
-4
Let h(c) = -2*c**3 + 25*c**2 - 15*c + 42. Let x be h(12). Suppose k + x = v, k - 22*v + 8 = -19*v. Let s(p) = p + 4. Determine s(k).
-1
Suppose -43*x = -61*x. Suppose -m = -2*t, 20 = 4*t + t. Let b(o) = -7 - o - o**3 + 13 + o**2 - m. Calculate b(x).
-2
Let x(o) = 2*o + 39*o**2 - 75*o**2 + 37*o**2 + 50*o**3 + 4 - 60*o**3. Determine x(-2).
84
Let s(d) = -18*d + 77471*d**3 - 39 + 22*d**2 - 77470*d**3 + 14*d. Determine s(-22).
49
Suppose g = -a + 3, 5*a + 30 - 10 = 0. Let z(k) = -k**3 + 2*k**2 + 37*k - 8. What is z(g)?
6
Let d(k) = k - 2. Let z be ((-85)/15)/((-2)/12). Suppose -3*a + 45 = 3*o, 3*o + 4*a - z = 13. Suppose o = u - 4*y, 0*y + 4*y = -16. Give d(u).
-5
Let h = -257 - -268. Suppose -8*g + 18 = -h*g. Let v(m) = m**2 + 4*m. Determine v(g).
12
Let h(u) = 2*u**2 + 29*u - 17. Suppose 244*f + 285 = 225*f. Give h(f).
-2
Let s(d) = 2*d + 45. Let y be s(-13). Let f(o) = 14*o - 31*o + y*o + 1 - 5. Determine f(11).
18
Let o(j) = 383*j + 4979. Let d be o(-13). Let m(l) = -l**2 + 3*l - 8. What is m(d)?
-8
Let g(b) = -b**2 - 18*b + 16. Let d = 437 + -455. What is g(d)?
16
Let p(r) = -2*r - r**3 - 14 + 8*r + 342*r**2 - 349*r**2. Calculate p(-8).
2
Let l = -76 + 110. Let y = l + -18. Suppose p = f - 2, f + y = -f - 2*p. Let w(v) = v**3 + 2*v**2 - 3. What is w(f)?
-12
Suppose 3*u - 4*q + 65 = -0*u, 0 = 5*u - 3*q + 90. Let d be ((-16)/(-6))/(u/(-45)). Let n(w) = 2*w - 5 + d*w - 24*w + 9*w + w**2. Determine n(4).
-9
Suppose 9*p + 6*p = 30. Let a(u) = 17*u - 16. Let k be a(p). Suppose -3*y - 4 = -5*y + 2*o, -4*o - k = y. Let m(x) = 3*x**3 + x**2 - x + 2. Calculate m(y).
-16
Suppose o + 42 + 3 = -2*a, 3*o + 107 = a. Let d = 39 + o. Let w(x) = 4*x**3 - x. Give w(d).
30
Let t(i) = -3*i**2 + 22*i + 5. Let c(q) = 140*q + 708. Let x be c(-5). What is t(x)?
-11
Let c(l) = 8*l + 8 - 207*l**2 - 114*l**2 + 323*l**2. What is c(-3)?
2
Let f(u) = 30*u**3 - u**2 - 3*u + 4. Suppose -7*x - 2 = s - 10*x, 3*s = -3*x + 6. Give f(s).
30
Let u(r) = -56*r + 95. Let c(y) = -79*y + 96. Let g(p) = -4*c(p) + 6*u(p). Give g(9).
6
Let x(n) be the third derivative of n**4/8 + 2*n**3/3 - n**2. Let c(g) = 151*g + 7090. Let d be c(-47). Give x(d).
-17
Let f be 184/115 + 2/5. Let z(b) = 5*b**f + 3 + 5 - 13 + 5*b - b**3 + 2. Suppose -3*h = 5*k - 34, 0 = -3*k - 3*h + 5*h + 9. Determine z(k).
22
Let a(b) = -202 - b + 2*b + 101 + 147. Calculate a(-10).
36
Let i(w) = 4*w - 2. Let b be i(1). Suppose -s = -2*n + 3*s + 112, -n + 76 = b*s. Suppose 0 = -8*o - 3*o - n. Let k(v) = v**3 + 5*v**2 - 6*v - 2. What is k(o)?
-2
Suppose -64 = -103*n + 87*n. Suppose t - 5*x = -28, -4*t - 26 = n*x + 14. Let o(i) = -i - 19. Determine o(t).
-6
Let j(h) = -11*h**3 + 3*h**2 - 4*h - 15. Let x(z) = 46*z**3 - 13*z**2 + 16*z + 62. Let o(q) = -25*j(q) - 6*x(q). What is o(4)?
3
Let k(i) = -5*i + 2. Let r(z) = -11*z + 5. Let y(b) = -9*k(b) + 4*r(b). Let w = -43 + 49. Suppose p = g - 3*g + 3, -3*p - 5*g = -w. Determine y(p).
-1
Suppose -135*z + 11600 = -115*z. Let v = -584 + z. Let d(t) = -2*t - 5. Give d(v).
3
Let f(y) = 15*y - 115. Let b = -3182 + 3190. Determine f(b).
5
Let p(q) = 35*q - 4. Let b(g) = -36*g. Let c(w) = -b(w) - p(w). What is c(-11)?
-7
Let j(x) = 16*x + 55. Let a = -1835 - -1831. Calculate j(a).
-9
Let j(w) = 7*w**2 - 14*w - 19. Let y(p) = 3*p**2 - 7*p - 9. Let v(h) = -4*j(h) + 9*y(h). Suppose 19 = -3*d - 77*b + 76*b, -d - 2*b = 3. What is v(d)?
-5
Suppose -2*s - 12 = -2*m, -s - 5*m = -7 - 5. Let y(i) be the first derivative of -i**4/2 - i**3 + 2*i**2 + 4*i + 400. Calculate y(s).
19
Let d(i) = 31*i + 102. Let f(p) = 12*p + 35. Let z(w) = -3*d(w) + 8*f(w). Give z(0).
-26
Suppose -2*f - 12 = 2*l, -16*l + 5*f = -16*l + 5. Let y be 3/((2 + 0)/2). Let w(d) = -4 - 5 - y*d + 2*d. What is w(l)?
-2
Let t(k) = k**2 - 12*k + 12. Let z(u) = -8*u + 107. Let n be z(13). Suppose -n*x + 11 = -2*x. Calculate t(x).
1
Let p(g) be the first derivative of g**2/2 + 10*g - 2099. Let f = 5 + -9. Give p(f).
6
Let q(w) be the first derivative of -w**4/4 - 4*w**3 - 11*w**2/2 - 17132. Let x = -31 + 20. What is q(x)?
0
Let r be 1/11 + (-11)/(363/(-2472)). Suppose 81*y + 66 = r*y. Let u(l) = 3*l + 15. Determine u(y).
-18
Let m(t) = -36*t - 203. Let q be (1422/316)/((-3)/4). Determine m(q).
13
Let v = 160 - 79. Suppose -15 - v = -2*q. Let u be ((-1)/(-3))/(-1 - (-52)/q). Let p(m) = -m**2 + 4*m - 6. Give p(u).
-6
Let l = -55 + 58. Let p(y) = 27*y + y**3 - 25*y - y**2 - 2 + 2*y**l - 4*y**3. Determine p(2).
-10
Let v(g) = -24878 - 44*g + 3*g + 24476 - 61*g. Calculate v(-4).
6
Let d(l) = 48*l + 625. Let z(c) = 145*c + 1713. Let t(s) = -8*d(s) + 3*z(s). What is t(-3)?
-14
Suppose 15*w - 5*l = 11*w - 2, -4*l = 3*w - 14. Let t(a) = -44*a + 7. Determine t(w).
-81
Let m(l) be the second derivative of l**3/6 + l**2/2 - 3*l. Let j be 4/22 - -1*(-621)/(-33). Suppose j*f - 39 = 6*f. Calculate m(f).
4
Let l(a) = 10*a**3 + 6*a**2 - 29*a - 300. Let c(q) = 3*q**3 + 3*q**2 - 9*q - 100. Let f(i) = 7*c(i) - 2*l(i). Give f(-8).
4
Let n be (-728)/(-119) + (-2)/17. Let u be (-66)/(-9)*n/(-1). Let q = u - -47. Let x(b) = b**2 - 5*b + 3. Give x(q).
-3
Suppose 5*u = -11 - 14. Let v be 2/((-17)/u + -3). Let r(i) = -2*i + i - i**2 - v*i. Give r(-5).
5
Let m(n) = 13 + 4*n + 4 + 5. Let f(o) = -o**3 - 2*o**2 + 61*o - 25. Let u be f(-9). Let j be m(u). Let q(s) = -s**3 - 6*s**2 - 2*s + 1. Give q